 Suppose -2*p = -g*p. Let r = p + 11. What is the remainder when 21 is divided by r?
10
Let h(t) = -3*t - 1. Let w be h(1). Calculate the remainder when (93/6)/((-2)/w) is divided by 17.
14
Suppose 0*b = -5*b + 250. What is the remainder when b is divided by 17?
16
Let i be 4*(-1 - 4/(-2)). Suppose 6*l = 4*l + i. Calculate the remainder when (-300)/(-4)*l/6 is divided by 9.
7
Let r be (2 + -1)*-2 - 11. Let a = r - -18. What is the remainder when a is divided by ((-2)/2)/((-1)/2)?
1
Let q(a) = -13*a. Calculate the remainder when 76 is divided by q(-2).
24
Let m(o) = -o + 2. Suppose a = 2 - 0. Suppose a*u = u + s - 3, u = -2*s + 9. Calculate the remainder when m(0) is divided by u.
0
Suppose s = -2 + 7. Suppose h - 2*h = 1. Calculate the remainder when h*s/(10/(-78)) is divided by 20.
19
Suppose -3*p + 3 = 3*k, 4*k + 41 = p + 4*p. Suppose -v + 19 = 3*w, v - 7 = p*w - 28. Calculate the remainder when 14 is divided by w.
4
Let d be 2/(-7) - (-92)/28. What is the remainder when 47 is divided by (2 - (d + -3))*8?
15
What is the remainder when 23 is divided by (6/3 + -30)/(-2)?
9
Let w = -43 + 64. Calculate the remainder when 80 is divided by w.
17
Let m = 37 - -12. What is the remainder when m is divided by 10?
9
Suppose 3*c = -0*c + 15. Calculate the remainder when 24 is divided by c.
4
Suppose 4*r + 5*a - 3*a = 10, -3*a = -5*r + 7. Suppose r*v - 24 = -v. What is the remainder when 21 is divided by v?
5
Suppose 2*k - 33 - 7 = 0. Suppose -28 = -4*g + k. What is the remainder when 21 is divided by g?
9
Suppose -g = -6*g + 15. Suppose -x + g = 0, 4*d - 3*x - 22 = -x. Calculate the remainder when d is divided by 4.
3
Let x(b) = -b + 23. Let g be x(0). Let p be 0 - 0 - (1 - g). Suppose -2*f - p = -3*f. Calculate the remainder when f is divided by 12.
10
Let d be 3 + 0*(-2 - -1). Suppose 4*c + 0*c - 56 = 0. What is the remainder when d*(-40)/(-18)*6 is divided by c?
12
Let y(i) = 2*i**3 + i**2 - 2*i + 2. Suppose 2*a = a - 4, 2*k = 3*a + 16. Calculate the remainder when y(k) is divided by 10.
8
Let h(q) = q**3 - 6*q**2 - 6*q - 4. Let n be h(7). Suppose -n*d + 43 = 7. What is the remainder when 22 is divided by d?
10
Suppose c + l - 21 = -2, 0 = 4*c + 5*l - 80. Suppose 0 = k - 7 - c. Suppose 0*x + k = 2*x. Calculate the remainder when x is divided by 6.
5
Let l be (0 + 1)*32/4. Suppose -2*q - l = -4*q. Calculate the remainder when 13 is divided by q.
1
Let z(n) = n**3 + 2*n**2 + 2*n + 1. Let g be z(-1). What is the remainder when 43 is divided by (g - -2) + 0 - -13?
13
Let q(j) be the first derivative of -j**4/4 - 4*j**3/3 - 2*j**2 - 2*j - 2. Let i be q(-3). What is the remainder when -3 + i - (0 - 51) is divided by 17?
15
Let m(k) be the first derivative of -k**2 - 14*k - 1. What is the remainder when 23 is divided by m(-10)?
5
Suppose -4*b + 58 = 18. Let a(m) be the second derivative of m**4/6 - 5*m**3/6 + 5*m**2/2 + 4*m. Calculate the remainder when a(4) is divided by b.
7
Let y(m) = -m**2 + 20*m + 26. What is the remainder when y(19) is divided by 16?
13
Let x be (-2 + 0)*(-1)/2. What is the remainder when 33 is divided by 36/21*(x + 6)?
9
Let t(g) = 2*g**3 - 3*g**2 + g. Let i = 3 - -1. Let r be t(i). What is the remainder when r/(-4)*(-7)/3 is divided by 17?
15
Let f = 34 - 16. Let h = -9 + f. Calculate the remainder when h is divided by 5.
4
Suppose 3 = x - 4. What is the remainder when 25 is divided by x?
4
Let s(p) = p**2 + 7*p + 1. What is the remainder when s(3) is divided by 7?
3
Let f(m) = 20*m - 12 - 4*m - 12*m. What is the remainder when 20 is divided by f(5)?
4
Suppose -3*j = -z - 18, 3*j - z - 6 = 4*z. Let b = 52 - 35. What is the remainder when b is divided by j?
3
Let j = 5 + 3. Let h = 0 + j. What is the remainder when h is divided by 5?
3
Suppose -y - 10 = -6*y. Suppose -6*u = -y*u - 52. What is the remainder when 38 is divided by u?
12
Let x(s) = -s**2 - 1. Let f(r) = 4*r**2 + 9*r - 4. Let w(q) = -f(q) - 6*x(q). What is the remainder when 28 is divided by w(5)?
13
Let u(t) = 2*t**2 + 11*t + 12. What is the remainder when 70 is divided by u(-6)?
16
Let y = 33 - 16. What is the remainder when 31 is divided by y?
14
Let z(n) = -35*n - 1. Suppose -m - 2 = -3*l, l + 5*m + 20 = 6*l. Calculate the remainder when z(l) is divided by 12.
10
Let k be (-3)/6 + (-2)/4. Let f(t) = 17*t**2. Let d = 84 - 51. What is the remainder when d is divided by f(k)?
16
Suppose 90*s - 85*s - 140 = 0. What is the remainder when s is divided by 9?
1
Suppose -156 = m - 4*m. Let v = 47 - 29. What is the remainder when m is divided by v?
16
Let u = 179 + -175. Calculate the remainder when 6 is divided by u.
2
Suppose 20 = 3*y - y. Let k(w) = 27*w + 2. Calculate the remainder when k(1) is divided by y.
9
Suppose 0 = s + 1 - 0. What is the remainder when 30 is divided by s - (-2 - (17 + -2))?
14
Let d(a) = -2*a**2 + 22*a - 16. Calculate the remainder when d(9) is divided by 9.
2
Let l(s) = 2*s - 10. Let i be l(7). Suppose -54 = -3*f + 2*u + 63, i*u = -5*f + 195. What is the remainder when f is divided by 14?
11
Suppose -3*p + 36 = -0*p. Let v = 13 + -9. Suppose 0 = 5*x - 15, v*d - 5*x - 58 = 59. What is the remainder when d is divided by p?
9
Suppose -12 - 9 = -3*t. Let p(u) = -u**3 + 8*u**2 - 9*u + 9. Let o be p(t). What is the remainder when 17 is divided by o/15*1*-27?
8
Suppose -4*j + 3 = a, -2*j = -a - 4*a + 81. Suppose a*n - 11*n - 120 = 0. What is the remainder when n is divided by 16?
14
Let v = 1 + -2. Let w be v - 1 - (-30)/(-3). Let m = 31 + w. Calculate the remainder when m is divided by 10.
9
Let u = 2 - 19. Let r = u - -43. Calculate the remainder when r is divided by 7.
5
Let b = 3 + -1. Suppose -2*k + 0*t + 14 = b*t, 0 = -k + 5*t - 5. What is the remainder when 14 is divided by k?
4
Suppose -2*w = 3*w. Let v = 44 - 27. Calculate the remainder when (49/(w - -1))/1 is divided by v.
15
Let m(y) = y**2 - 8*y + 8. Let v be m(8). Let h be 34/v + (-3)/12. Let a = 10 - h. What is the remainder when 16 is divided by a?
4
Suppose 5*v = 2*f - 0*v - 23, 0 = 2*f + 3*v + 1. What is the remainder when f is divided by 4?
0
Let p be 6/12 + (-1)/2. Suppose -4*u - 24 = -d, 3*d + u - 2 - 5 = p. Calculate the remainder when 15 is divided by d.
3
Suppose -4*i + 28 = 12. Suppose 2*l - 7*r + i*r = 23, -5*r = 25. Suppose 0*d + 4*c = -l*d + 64, 3*d + 5*c = 50. What is the remainder when 44 is divided by d?
14
Suppose 0 = 3*p - 5*h - 22, 8 = p + p - 5*h. What is the remainder when 25 is divided by p?
11
Let c(x) = x**2 + 2*x + 2. Let h be c(-2). Suppose -h*l + 3 = 5*z + 48, l - 36 = 4*z. Let p = z - -20. What is the remainder when 21 is divided by p?
10
Let l be 45/10*(-4)/(-6). Suppose 4*n + 5*i - l = 2*n, 95 = 5*n - 5*i. What is the remainder when n is divided by 8?
6
Let b(w) = -w**3 + 6*w**2 + 4*w - 13. Calculate the remainder when 54 is divided by b(6).
10
Suppose 0*q + 4*q = -16. Calculate the remainder when 1*q/6*-15 is divided by 3.
1
Let j = -407 - -664. Calculate the remainder when j is divided by 43.
42
Suppose 2*z = 4*c + 82, -4*c + 148 - 32 = 4*z. What is the remainder when z is divided by 12?
9
Suppose 14 = 5*z - 2*q - 20, 4*z + 2*q = 20. Suppose 0 = s - z*s + 50. Calculate the remainder when 28 is divided by s + 0*(-3)/6.
8
Let q(c) = 11*c + 12. Calculate the remainder when 56 is divided by q(0).
8
Suppose 0 = -3*m + 5*v + 35 - 5, -40 = -5*m + 5*v. Suppose 0 = -m*s + 484 - 99. What is the remainder when s is divided by 20?
17
Let v = 23 + -18. Suppose 0 = 3*c - 4*q - 12, -c + 0*q = -4*q - 4. Suppose 0 = c*i - v*x - 140, 1 + 3 = -x. Calculate the remainder when i is divided by 16.
14
Let q(d) = d**2 - 3*d - 3. Suppose 114 = s + s. What is the remainder when s is divided by q(-3)?
12
Let s = 8 - -66. Suppose 4 = -5*g + 5*m + s, 3*g = -5*m + 66. What is the remainder when 65 is divided by g?
14
Suppose -7*s + 4*s = -93. What is the remainder when s is divided by 16?
15
Suppose -2*l + 124 = -2*u - 5*l, 0 = -2*u - 2*l - 126. Let t = -34 - u. What is the remainder when t is divided by 8?
7
Let c = -35 - -33. Let y(i) = 2*i**3 - 4*i**3 + 1 + 0*i**3 + i**2 + i. Calculate the remainder when y(c) is divided by 10.
9
Suppose 9*q - 798 = -51. What is the remainder when q is divided by 22?
17
Let b(t) be the first derivative of -1/4*t**4 + 1/2*t**2 - 1 - 1/3*t**3 + 7*t. Wh